{"id":92,"date":"2017-10-15T10:58:18","date_gmt":"2017-10-15T10:58:18","guid":{"rendered":"http:\/\/esaude.ese.ipp.pt\/?page_id=92"},"modified":"2017-11-21T12:21:39","modified_gmt":"2017-11-21T12:21:39","slug":"2o-coloquio-literacia-saude","status":"publish","type":"page","link":"https:\/\/esaude.ese.ipp.pt\/","title":{"rendered":"2\u00ba Col\u00f3quio em Literacia para a Sa\u00fade"},"content":{"rendered":"<p><a href=\"https:\/\/esaude.ese.ipp.pt\/wp-content\/uploads\/2017\/10\/2logo.png\"><img loading=\"lazy\" decoding=\"async\" class=\"alignnone wp-image-98\" src=\"https:\/\/esaude.ese.ipp.pt\/wp-content\/uploads\/2017\/10\/2logo-300x127.png\" alt=\"\" width=\"343\" height=\"145\" srcset=\"https:\/\/esaude.ese.ipp.pt\/wp-content\/uploads\/2017\/10\/2logo-300x127.png 300w, https:\/\/esaude.ese.ipp.pt\/wp-content\/uploads\/2017\/10\/2logo-768x325.png 768w, https:\/\/esaude.ese.ipp.pt\/wp-content\/uploads\/2017\/10\/2logo.png 820w\" sizes=\"auto, (max-width: 343px) 100vw, 343px\" \/><\/a><\/p>\n<p><span style=\"font-family: helvetica,arial,sans-serif;\">Inscri\u00e7\u00e3o obrigat\u00f3ria (gratuita) <a href=\"https:\/\/docs.google.com\/forms\/d\/e\/1FAIpQLSeD4Va5toElSfkCi55SlduPJB59yTIy1Kfh820A9dNGO_hzAA\/viewform\"><span style=\"color: #3366ff;\">aqui<\/span><\/a><\/span><\/p>\n<hr \/>\n<p><span style=\"font-family: helvetica,arial,sans-serif;\"><b>9h45 \u2013 Sess\u00e3o de Abertura<br \/>\n<\/b>Presidente da Escola Superior de Educa\u00e7\u00e3o: Prof. Doutor Paulo Pereira<\/span><br \/>\n<span style=\"font-family: helvetica,arial,sans-serif;\"> Coordenadora do Projeto \u2013 Carla Serr\u00e3o<\/span><\/p>\n<p><span style=\"font-family: helvetica,arial,sans-serif;\"><b>10h00-11h00<\/b> &#8211; <b>Confer\u00eancia: E-Sa\u00fade inclus\u00e3o ou exclus\u00e3o das pessoas idosas?<\/b><\/span><br \/>\n<span style=\"font-family: helvetica,arial,sans-serif;\"> Prof. Doutor Constantino T. Sakellarides &#8211; Presidente da Funda\u00e7\u00e3o para a Sa\u00fade<\/span><\/p>\n<hr \/>\n<p><span style=\"font-family: helvetica, arial, sans-serif; color: #ff0000;\"><b>11h00-11h30: <\/b><b>Coffee<\/b><b>-break<\/b><\/span><\/p>\n<hr \/>\n<p><span style=\"font-family: helvetica,arial,sans-serif;\"><b>11h30-13h00: Literacia em sa\u00fade da popula\u00e7\u00e3o idosa: verdades e consequ\u00eancias<\/b><\/span><\/p>\n<p><span style=\"font-family: helvetica,arial,sans-serif;\"><b>Representa\u00e7\u00f5es das pessoas idosas relativamente ao acesso e qualidade na sa\u00fade<\/b><\/span><br \/>\n<span style=\"font-family: helvetica,arial,sans-serif;\"> Prof.\u00aa Doutora Sofia Veiga<\/span><\/p>\n<p><span style=\"font-family: helvetica,arial,sans-serif;\"><b>Triangula\u00e7\u00e3o de dados: desafios de investiga\u00e7\u00e3o-a\u00e7\u00e3o<\/b><\/span><br \/>\n<span style=\"font-family: helvetica,arial,sans-serif;\"> Prof.\u00aa Doutora Carla Serr\u00e3o<\/span><\/p>\n<hr \/>\n<p><strong><span style=\"font-family: helvetica, arial, sans-serif; color: #ff0000;\">13:00 \/ 14:00\u00a0 Pausa para almo\u00e7o<\/span><\/strong><\/p>\n<hr \/>\n<p><span style=\"font-family: helvetica,arial,sans-serif;\"><b>14h30-15h30 \u2013 Literacia em sa\u00fade: nos Cuidados de Sa\u00fade Prim\u00e1rios<\/b><\/span><br \/>\n<span style=\"font-family: helvetica,arial,sans-serif;\"> Moderadora: Dr.\u00aa Ruth Sampaio<\/span><\/p>\n<ul>\n<li><span style=\"font-family: arial, helvetica, sans-serif;\"><strong>Enf. Eva Salgado<\/strong> :: Vogal do Conselho de Enfermagem Regional da Sec\u00e7\u00e3o Regional do Norte da Ordem dos Enfermeiros<\/span><\/li>\n<li><span style=\"font-family: arial, helvetica, sans-serif;\"><strong>Enf.\u00aa Gra\u00e7a Fonseca ::\u00a0 <\/strong>ULS de Matosinhos &#8211; UCG Senhora da Hora<\/span><\/li>\n<li><span style=\"font-family: arial, helvetica, sans-serif;\"><strong>Dr. Fernando Almeida ::<\/strong> CES Gondomar <\/span><\/li>\n<li><span style=\"font-family: helvetica,arial,sans-serif;\"><span style=\"font-family: arial, helvetica, sans-serif;\"><strong>Dra. Carla Micaela Silva Santos<\/strong> :: USF Valongo<\/span> <strong><br \/>\n<\/strong><\/span><\/li>\n<\/ul>\n<p><span style=\"font-family: helvetica,arial,sans-serif;\"><b>15h30-16h00 \u2013 Literacia em sa\u00fade em contexto hospitalar<br \/>\n<\/b>Dr Carlos Ferreira ::\u00a0 ULS Matosinhos &#8211; Hospital Pedro Hispano<b><br \/>\n<\/b><\/span><\/p>\n<p><span style=\"font-family: helvetica,arial,sans-serif;\"><b>16h00-16h30: <\/b><b>Coffee<\/b><b>-break<\/b><\/span><\/p>\n<p><span style=\"font-family: helvetica,arial,sans-serif;\"><b>16h30-17h30 &#8211;\u00a0 Confer\u00eancia: A Educa\u00e7\u00e3o de Adultos na promo\u00e7\u00e3o da literacia em sa\u00fade<br \/>\n<\/b>Prof. Doutor Lu\u00eds Rothes<\/span><\/p>\n<p><span style=\"font-family: helvetica,arial,sans-serif;\">Atua\u00e7\u00e3o do Associa\u00e7\u00e3o dos <strong>Antigos Orfeonistas da Universidade do Porto<\/strong><\/span><\/p>\n<hr \/>\n<p>&nbsp;<\/p>\n<p>&nbsp;<\/p>\n","protected":false},"excerpt":{"rendered":"<p>Inscri\u00e7\u00e3o obrigat\u00f3ria (gratuita) aqui 9h45 \u2013 Sess\u00e3o de Abertura Presidente da Escola Superior de Educa\u00e7\u00e3o: Prof. Doutor Paulo Pereira Coordenadora do Projeto \u2013 Carla Serr\u00e3o 10h00-11h00 &#8211; Confer\u00eancia: E-Sa\u00fade inclus\u00e3o ou exclus\u00e3o das pessoas idosas? Prof. Doutor Constantino T. Sakellarides &#8211; Presidente da Funda\u00e7\u00e3o para a Sa\u00fade 11h00-11h30: Coffee-break 11h30-13h00: Literacia em sa\u00fade da popula\u00e7\u00e3o [&hellip;]<\/p>\n","protected":false},"author":2,"featured_media":0,"parent":0,"menu_order":0,"comment_status":"closed","ping_status":"closed","template":"","meta":{"jetpack_post_was_ever_published":false,"footnotes":""},"class_list":["post-92","page","type-page","status-publish","hentry","post"],"jetpack_sharing_enabled":true,"jetpack_shortlink":"https:\/\/wp.me\/P81SDN-1u","_links":{"self":[{"href":"https:\/\/esaude.ese.ipp.pt\/index.php?rest_route=\/wp\/v2\/pages\/92","targetHints":{"allow":["GET"]}}],"collection":[{"href":"https:\/\/esaude.ese.ipp.pt\/index.php?rest_route=\/wp\/v2\/pages"}],"about":[{"href":"https:\/\/esaude.ese.ipp.pt\/index.php?rest_route=\/wp\/v2\/types\/page"}],"author":[{"embeddable":true,"href":"https:\/\/esaude.ese.ipp.pt\/index.php?rest_route=\/wp\/v2\/users\/2"}],"replies":[{"embeddable":true,"href":"https:\/\/esaude.ese.ipp.pt\/index.php?rest_route=%2Fwp%2Fv2%2Fcomments&post=92"}],"version-history":[{"count":16,"href":"https:\/\/esaude.ese.ipp.pt\/index.php?rest_route=\/wp\/v2\/pages\/92\/revisions"}],"predecessor-version":[{"id":179,"href":"https:\/\/esaude.ese.ipp.pt\/index.php?rest_route=\/wp\/v2\/pages\/92\/revisions\/179"}],"wp:attachment":[{"href":"https:\/\/esaude.ese.ipp.pt\/index.php?rest_route=%2Fwp%2Fv2%2Fmedia&parent=92"}],"curies":[{"name":"wp","href":"https:\/\/api.w.org\/{rel}","templated":true}]}}