{"id":101,"date":"2017-10-15T11:21:50","date_gmt":"2017-10-15T11:21:50","guid":{"rendered":"http:\/\/esaude.ese.ipp.pt\/?page_id=101"},"modified":"2017-10-15T14:03:00","modified_gmt":"2017-10-15T14:03:00","slug":"1o-coloquio-literacia-saude","status":"publish","type":"page","link":"https:\/\/esaude.ese.ipp.pt\/?page_id=101","title":{"rendered":"1\u00ba Col\u00f3quio de Literacia para a Sa\u00fade"},"content":{"rendered":"<p><strong>1\u00ba COL\u00d3QUIO DE LITERACIA PARA A SA\u00daDE<\/strong><\/p>\n<p><strong>SESS\u00c3O DE ABERTURA<\/strong><br \/>\nLu\u00eds Rothes Presidente do Conselho T\u00e9cnico Cientifico da ESE-IPP<br \/>\nCarla Serr\u00e3o Docente da UTC de Psicologia da ESE-IPP | Coordenadora do Projeto Literacia em Sa\u00fade: um desafio na e para a terceira idade<\/p>\n<p>9:30H<br \/>\nCONFER\u00caNCIA<br \/>\nCOMUNICA\u00c7\u00c3O EM SA\u00daDE<br \/>\nTelmo Mourinho Baptista Baston\u00e1rio da Ordem dos Psic\u00f3logos Portugueses<br \/>\nUM DESAFIO NA E PARA A TERCEIRA IDADE<\/p>\n<p>COL\u00d3QUIO 14:30H<br \/>\nAlice Martins Coordenadora da Unidade de Cuidados na Comunidade da Senhora da Hora | Unidade Local de Sa\u00fade de Matosinhos<br \/>\nD\u00e1rida Fernandes Representante da Universidade S\u00e9nior de Gondomar e Docente da UTC de Matem\u00e1tica da ESE-IPP<br \/>\nJos\u00e9 Manuel Pinto Coordenador do CATI Centro de Apoio \u00e0 Terceira Idade | S\u00e3o Mamede de Infesta<br \/>\n\u00c0 CONVERSA COM\u2026 PAP\u00c9IS DE UNS E DE OUTROS NO \u00c2MBITO DA PROMO\u00c7\u00c3O DA LITERACIA EM SA\u00daDE<br \/>\nMODERADORA Vera Almeida Psic\u00f3loga | Investigadora no Projeto Literacia em Sa\u00fade: um desafio na e para a terceira idade<\/p>\n<p>12:30H<\/p>\n<p>11:30H<br \/>\nAPRESENTA\u00c7\u00c3O DOS RESULTADOS DOS ESTUDOS SOBRE LITERACIA EM SA\u00daDE<br \/>\nMODERADOR Ant\u00f3nio Marques Diretor do Laborat\u00f3rio de Reabilita\u00e7\u00e3o Psicossocial da ESTSP\/FPCEUP<br \/>\nPERCE\u00c7\u00d5ES, REPRESENTA\u00c7\u00d5ES E PR\u00c1TICAS DE PROFISSIONAIS NO \u00c2MBITO DA LITERACIA EM SA\u00daDE<br \/>\nSofia Veiga Docente da UTC de Psicologia da ESE-IPP | Investigadora no Projeto Literacia em Sa\u00fade: um desafio na e para a terceira idade<br \/>\nGRAU DE LITERACIA EM SA\u00daDE DE UMA AMOSTRA DE PESSOAS IDOSAS<br \/>\nCarla Serr\u00e3o Docente da UTC de Psicologia da ESE-IPP | Coordenadora do Projeto Literacia em Sa\u00fade: um desafio na e para a terceira idade<\/p>\n<p>LITERACIA\u00a0 EM SA\u00daDE<\/p>\n<p>15:30H CONFER\u00caNCIA<br \/>\nQUEST\u00d5ES BIO\u00c9TICAS E ENVELHECIMENTO<br \/>\nRui Nunes Diretor do Departamento de Ci\u00eancias Sociais e Sa\u00fade da FMUP<\/p>\n<p>16:30H APRESENTA\u00c7\u00c3O DOS PRODUTOS<br \/>\nIsabel Vieira Docente da UTC de Ci\u00eancias da Educa\u00e7\u00e3o da ESE-IPP | Investigadora no Projeto Literacia em Sa\u00fade: um desafio na e para a terceira idade<br \/>\nMANUAL DE BOAS PR\u00c1TICAS LITERACIA EM SA\u00daDE: UM DESAFIO NA E PARA A TERCEIRA IDADE<br \/>\nFLYER SOBRE A MINHA SA\u00daDE<br \/>\nPORTO DE HONRA E TUNA DA UNIVERSIDADE S\u00c9NIOR DE GONDOMAR<\/p>\n","protected":false},"excerpt":{"rendered":"<p>1\u00ba COL\u00d3QUIO DE LITERACIA PARA A SA\u00daDE SESS\u00c3O DE ABERTURA Lu\u00eds Rothes Presidente do Conselho T\u00e9cnico Cientifico da ESE-IPP Carla Serr\u00e3o Docente da UTC de Psicologia da ESE-IPP | Coordenadora do Projeto Literacia em Sa\u00fade: um desafio na e para a terceira idade 9:30H CONFER\u00caNCIA COMUNICA\u00c7\u00c3O EM SA\u00daDE Telmo Mourinho Baptista Baston\u00e1rio da Ordem dos [&hellip;]<\/p>\n","protected":false},"author":2,"featured_media":0,"parent":0,"menu_order":0,"comment_status":"closed","ping_status":"closed","template":"","meta":{"jetpack_post_was_ever_published":false,"footnotes":""},"class_list":["post-101","page","type-page","status-publish","hentry","post"],"jetpack_sharing_enabled":true,"jetpack_shortlink":"https:\/\/wp.me\/P81SDN-1D","_links":{"self":[{"href":"https:\/\/esaude.ese.ipp.pt\/index.php?rest_route=\/wp\/v2\/pages\/101","targetHints":{"allow":["GET"]}}],"collection":[{"href":"https:\/\/esaude.ese.ipp.pt\/index.php?rest_route=\/wp\/v2\/pages"}],"about":[{"href":"https:\/\/esaude.ese.ipp.pt\/index.php?rest_route=\/wp\/v2\/types\/page"}],"author":[{"embeddable":true,"href":"https:\/\/esaude.ese.ipp.pt\/index.php?rest_route=\/wp\/v2\/users\/2"}],"replies":[{"embeddable":true,"href":"https:\/\/esaude.ese.ipp.pt\/index.php?rest_route=%2Fwp%2Fv2%2Fcomments&post=101"}],"version-history":[{"count":2,"href":"https:\/\/esaude.ese.ipp.pt\/index.php?rest_route=\/wp\/v2\/pages\/101\/revisions"}],"predecessor-version":[{"id":104,"href":"https:\/\/esaude.ese.ipp.pt\/index.php?rest_route=\/wp\/v2\/pages\/101\/revisions\/104"}],"wp:attachment":[{"href":"https:\/\/esaude.ese.ipp.pt\/index.php?rest_route=%2Fwp%2Fv2%2Fmedia&parent=101"}],"curies":[{"name":"wp","href":"https:\/\/api.w.org\/{rel}","templated":true}]}}